51.
23
Calculate the highest common divisor of 972 and 21222.
162
What is the greatest common divisor of 9453 and 897?
69
What is the highest common divisor of 33147 and 531?
9
Calculate the highest common factor of 16 and 798.
2
What is the highest common divisor of 46 and 4767555?
23
Calculate the greatest common factor of 65 and 19790.
5
What is the highest common divisor of 194 and 37442?
194
Calculate the highest common factor of 2485 and 35595.
35
What is the greatest common divisor of 26923 and 223886?
1417
What is the highest common divisor of 5430 and 153669?
543
Calculate the greatest common divisor of 1232 and 5411.
7
What is the greatest common factor of 1391 and 186822?
107
What is the highest common factor of 1089 and 2097?
9
Calculate the highest common divisor of 517 and 385.
11
Calculate the highest common factor of 7 and 1414763.
7
What is the greatest common factor of 96472 and 992?
248
Calculate the greatest common factor of 943 and 1403.
23
Calculate the greatest common divisor of 3864 and 3961888.
1288
What is the highest common divisor of 644 and 41308?
92
What is the highest common factor of 259085 and 25?
5
What is the highest common divisor of 1616 and 18988?
404
Calculate the greatest common factor of 3897 and 2068008.
1299
Calculate the greatest common divisor of 624217 and 11.
11
Calculate the greatest common factor of 320 and 33985.
5
Calculate the highest common factor of 178 and 11481.
89
What is the highest common factor of 20835 and 105?
15
Calculate the highest common divisor of 84110 and 260.
130
Calculate the greatest common factor of 364311 and 216.
27
What is the highest common divisor of 26 and 1354106?
26
What is the highest common divisor of 171 and 1844919?
171
What is the highest common factor of 2171 and 18871?
167
What is the greatest common factor of 7371 and 987?
21
Calculate the greatest common factor of 544 and 213536.
32
What is the highest common factor of 17874 and 162?
54
What is the highest common factor of 28 and 181706?
14
Calculate the highest common factor of 1575 and 5600.
175
What is the highest common divisor of 882210 and 21?
21
What is the highest common divisor of 229 and 311211?
229
What is the highest common factor of 3757 and 2873?
221
What is the greatest common divisor of 264 and 11418?
66
What is the greatest common divisor of 38 and 1035481?
19
What is the greatest common divisor of 126 and 9534?
42
Calculate the greatest common divisor of 24300 and 48.
12
Calculate the highest common factor of 63 and 62982.
9
Calculate the greatest common factor of 91523 and 19.
19
Calculate the highest common factor of 96248 and 636.
212
What is the greatest common factor of 3337620 and 1560?
780
Calculate the highest common factor of 648 and 5752.
8
What is the highest common factor of 47127 and 17940?
69
What is the greatest common divisor of 51 and 984317?
17
What is the highest common factor of 12465 and 59625?
45
What is the highest common factor of 2091 and 1517?
41
What is the highest common factor of 46928 and 336?
112
Calculate the highest common factor of 7654 and 66038.
178
What is the highest common factor of 1426872 and 84?
12
What is the greatest common factor of 30054 and 54?
6
What is the greatest common divisor of 28650 and 150?
150
Calculate the greatest common factor of 34706 and 1206.
134
Calculate the greatest common divisor of 5643 and 134387.
209
Calculate the greatest common divisor of 40003 and 2180.
109
Calculate the highest common factor of 280221 and 39.
3
Calculate the greatest common factor of 825 and 34375.
275
Calculate the greatest common factor of 11494 and 546.
14
Calculate the highest common divisor of 11764 and 6698.
34
What is the highest common factor of 40 and 116965?
5
Calculate the greatest common divisor of 988969 and 228.
19
What is the greatest common factor of 4809 and 231?
21
Calculate the greatest common factor of 2 and 5741.
1
What is the highest common factor of 34140 and 45?
15
What is the highest common divisor of 244344 and 408?
24
Calculate the greatest common divisor of 1228274 and 114.
38
What is the greatest common factor of 7729 and 3930?
131
Calculate the highest common factor of 37231 and 31.
31
Calculate the greatest common factor of 176050 and 100.
50
Calculate the greatest common factor of 388768 and 232.
8
What is the highest common factor of 54 and 4583169?
27
What is the greatest common divisor of 1047920 and 128?
16
Calculate the greatest common divisor of 74229 and 654.
327
What is the greatest common divisor of 11 and 8995?
1
Calculate the greatest common divisor of 3 and 5459.
1
What is the highest common divisor of 173803 and 931?
49
What is the greatest common factor of 37 and 1613?
1
What is the highest common factor of 336 and 7986?
6
What is the greatest common divisor of 44110 and 100?
10
What is the highest common divisor of 754 and 1495?
13
Calculate the greatest common factor of 28255599 and 87.
87
What is the highest common divisor of 60476 and 52?
52
Calculate the highest common factor of 16 and 17288.
8
What is the highest common divisor of 106218 and 693?
63
What is the highest common divisor of 1896 and 31488?
24
Calculate the highest common divisor of 8085 and 1239.
21
Calculate the highest common divisor of 222491 and 271.
271
What is the greatest common divisor of 4046 and 12733?
119
What is the greatest common divisor of 17381 and 169?
13
What is the greatest common divisor of 4284 and 66096?
612
What is the highest common divisor of 189 and 57393?
63
Calculate the highest common divisor of 13968 and 5706.
18
What is the greatest common divisor of 1037 and 5508?
17
What is the highest common divisor of 1176579 and 54?
27
What is the highest common divisor of 104468 and 392?
196
Calculate the greatest common factor of 1464 and 78168.
24
What is the greatest common factor of 43095 and 2295?
255
What is the highest common divisor of 470 and 1457?
47
Calculate the highest common divisor of 84 and 1516564.
28
Calculate the highest common divisor of 803715 and 330.
165
Calculate the highest common divisor of 30 and 51685.
5
Calculate the greatest common divisor of 21 and 149040.
3
What is the greatest common divisor of 5 and 5903?
1
Calculate the greatest common divisor of 180 and 7540.
20
What is the greatest common factor of 161112 and 708?
12
What is the highest common divisor of 108 and 1323432?
108
What is the highest common factor of 429 and 523419?
39
What is the greatest common factor of 1909 and 5543?
23
What is the greatest common divisor of 105888 and 96?
96
Calculate the highest common divisor of 380748 and 12.
12
What is the greatest common factor of 1436895 and 45?
45
What is the greatest common divisor of 10260 and 332120?
380
Calculate the highest common factor of 29 and 18937.
29
Calculate the highest common factor of 210 and 460068.
42
Calculate the greatest common factor of 12985 and 197372.
2597
What is the highest common factor of 2373 and 7018543?
791
Calculate the highest common divisor of 2898 and 7434.
126
What is the highest common factor of 42360 and 1362?
6
What is the greatest common factor of 423710 and 280?
70
What is the highest common divisor of 197999 and 969?
323
What is the greatest common factor of 124 and 412?
4
Calculate the greatest common divisor of 829 and 1342151.
829
Calculate the highest common factor of 21 and 79506.
21
What is the greatest common divisor of 56 and 5327?
7
Calculate the highest common factor of 3362 and 14473.
41
What is the greatest common factor of 180 and 229956?
12
What is the highest common divisor of 4 and 3976988?
4
What is the greatest common divisor of 118218 and 3660?
366
Calculate the greatest common divisor of 424 and 2632192.
424
Calculate the highest common factor of 39120 and 3240.
120
What is the highest common divisor of 28 and 67004?
28
What is the highest common factor of 44980 and 2340?
260
What is the highest common factor of 50 and 12893150?
50
Calculate the greatest common divisor of 549746 and 323.
323
Calculate the highest common factor of 2673 and 161073.
99
What is the greatest common divisor of 11232 and 9666?
54
What is the greatest common factor of 16882 and 138?
46
What is the greatest common divisor of 3984 a